02?
0
What is the units digit of 857540?
0
What is the tens digit of 7670?
7
What is the hundreds digit of 325848?
8
What is the units digit of 21374?
4
What is the units digit of 917472?
2
What is the millions digit of 3208522?
3
What is the ten thousands digit of 105652?
0
What is the hundreds digit of 354566?
5
What is the millions digit of 28744169?
8
What is the hundred thousands digit of 289502?
2
What is the hundred thousands digit of 8980235?
9
What is the ten thousands digit of 474131?
7
What is the units digit of 135730?
0
What is the hundreds digit of 6085395?
3
What is the units digit of 484740?
0
What is the ten thousands digit of 19106889?
0
What is the thousands digit of 97678?
7
What is the hundred thousands digit of 5090819?
0
What is the units digit of 1028820?
0
What is the ten thousands digit of 673410?
7
What is the tens digit of 369958?
5
What is the tens digit of 166698?
9
What is the ten thousands digit of 5218756?
1
What is the units digit of 79873?
3
What is the hundreds digit of 321517?
5
What is the hundred thousands digit of 325581?
3
What is the ten thousands digit of 847573?
4
What is the tens digit of 13529541?
4
What is the hundred thousands digit of 1706868?
7
What is the hundreds digit of 254982?
9
What is the units digit of 1197382?
2
What is the thousands digit of 83764?
3
What is the tens digit of 487510?
1
What is the units digit of 49279?
9
What is the hundreds digit of 1023777?
7
What is the tens digit of 4201752?
5
What is the millions digit of 9823801?
9
What is the units digit of 1518377?
7
What is the millions digit of 1263882?
1
What is the thousands digit of 550771?
0
What is the hundreds digit of 805218?
2
What is the thousands digit of 1477236?
7
What is the units digit of 121219?
9
What is the ten thousands digit of 1749440?
4
What is the tens digit of 19180?
8
What is the thousands digit of 1665210?
5
What is the thousands digit of 2657815?
7
What is the tens digit of 3443168?
6
What is the hundred thousands digit of 190164?
1
What is the units digit of 397217?
7
What is the ten thousands digit of 17010055?
1
What is the hundred thousands digit of 3283127?
2
What is the tens digit of 1935039?
3
What is the ten thousands digit of 2060353?
6
What is the ten thousands digit of 1539873?
3
What is the hundred thousands digit of 912960?
9
What is the units digit of 10274789?
9
What is the units digit of 12877852?
2
What is the ten thousands digit of 61615?
6
What is the tens digit of 549254?
5
What is the hundreds digit of 6030911?
9
What is the millions digit of 3185981?
3
What is the ten thousands digit of 195420?
9
What is the hundreds digit of 3570258?
2
What is the tens digit of 1193537?
3
What is the tens digit of 3976119?
1
What is the hundreds digit of 18971590?
5
What is the hundred thousands digit of 250805?
2
What is the ten thousands digit of 66234?
6
What is the thousands digit of 808970?
8
What is the hundreds digit of 58200?
2
What is the ten thousands digit of 574743?
7
What is the thousands digit of 17604?
7
What is the millions digit of 4126338?
4
What is the ten thousands digit of 391157?
9
What is the tens digit of 2021121?
2
What is the units digit of 466353?
3
What is the thousands digit of 85612?
5
What is the millions digit of 8898453?
8
What is the thousands digit of 300152?
0
What is the thousands digit of 359120?
9
What is the hundred thousands digit of 5365475?
3
What is the units digit of 687686?
6
What is the millions digit of 12628560?
2
What is the hundred thousands digit of 847675?
8
What is the ten thousands digit of 216572?
1
What is the hundred thousands digit of 1393952?
3
What is the hundred thousands digit of 689057?
6
What is the hundred thousands digit of 246957?
2
What is the units digit of 294427?
7
What is the hundred thousands digit of 9375097?
3
What is the thousands digit of 126247?
6
What is the thousands digit of 46211?
6
What is the hundreds digit of 497860?
8
What is the ten thousands digit of 72287?
7
What is the tens digit of 125142?
4
What is the thousands digit of 3297936?
7
What is the units digit of 1264699?
9
What is the tens digit of 4804122?
2
What is the ten thousands digit of 863485?
6
What is the units digit of 350882?
2
What is the hundreds digit of 23290503?
5
What is the tens digit of 4902099?
9
What is the tens digit of 4429566?
6
What is the units digit of 3320323?
3
What is the thousands digit of 2195199?
5
What is the thousands digit of 3017683?
7
What is the hundred thousands digit of 1850986?
8
What is the thousands digit of 7005636?
5
What is the thousands digit of 646122?
6
What is the hundreds digit of 6225636?
6
What is the tens digit of 253018?
1
What is the thousands digit of 4465623?
5
What is the tens digit of 3243108?
0
What is the millions digit of 1018427?
1
What is the millions digit of 1018452?
1
What is the ten thousands digit of 43338391?
3
What is the ten thousands digit of 863602?
6
What is the tens digit of 1348388?
8
What is the ten millions digit of 15204828?
1
What is the tens digit of 405159?
5
What is the millions digit of 2328161?
2
What is the units digit of 8416151?
1
What is the millions digit of 29849791?
9
What is the ten thousands digit of 434891?
3
What is the tens digit of 108064?
6
What is the tens digit of 787815?
1
What is the tens digit of 799812?
1
What is the hundred thousands digit of 1317718?
3
What is the hundreds digit of 1008285?
2
What is the hundreds digit of 85886?
8
What is the thousands digit of 193556?
3
What is the tens digit of 374295?
9
What is the units digit of 191025?
5
What is the ten thousands digit of 11238490?
3
What is the ten thousands digit of 364809?
6
What is the hundreds digit of 81531?
5
What is the ten thousands digit of 7014699?
1
What is the ten thousands digit of 245362?
4
What is the hundreds digit of 1992326?
3
What is the thousands digit of 173089?
3
What is the thousands digit of 743774?
3
What is the thousands digit of 142751?
2
What is the millions digit of 6281954?
6
What is the ten thousands digit of 751599?
5
What is the ten thousands digit of 1871708?
7
What is the millions digit of 3505143?
3
What is the hundreds digit of 8002837?
8
What is the hundred thousands digit of 3784118?
7
What is the ten thousands digit of 8327633?
2
What is the tens digit of 658117?
1
What is the hundred thousands digit of 180148?
1
What is the tens digit of 642061?
6
What is the millions digit of 34763809?
4
What is the hundred thousands digit of 208609?
2
What is the hundred thousands digit of 242263?
2
What is the ten millions digit of 11431428?
1
What is the hundreds digit of 2856008?
0
What is the ten thousands digit of 409666?
0
What is the thousands digit of 2861775?
1
What is the thousands digit of 2797932?
7
What is the units digit of 670664?
4
What is the hundred thousands digit of 144677?
1
What is the tens digit of 230135?
3
What is the thousands digit of 31708483?
8
What is the thousands digit of 887511?
7
What is the tens digit of 26420192?
9
What is the thousands digit of 4312192?
2
What is the ten thousands digit of 233947?
3
What is the hundreds digit of 219901?
9
What is the hundred thousands digit of 3394764?
3
What is the thousands digit of 1137550?
7
What is the thousands digit of 595063?
5
What is the thousands digit of 26105021?
5
What is the thousands digit of 5621997?
1
What is the thousands digit of 2529421?
9
What is the thousands digit of 1499873?
9
What is the tens digit of 28531?
3
What is the hundreds digit of 3594715?
7
What is the hundred thousands digit of 2902805?
9
What is the hundreds digit of 1866796?
7
What is the ten millions digit of 22638429?
2
What is the units digit of 167617?
7
What is the ten thousands digit of 1705563?
0
What is the hundreds digit of 6373607?
6
What is the units digit of 363664?
4
What is the tens digit of 155907?
0
What is the units digit of 2201586?
6
What is the thousands digit of 95188?
5
What is the ten thousands digit of 1568724?
6
What is the tens digit of 576675?
7
What is the ten thousands digit of 18953243?
5
What is the ten thousands digit of 4367245?
6
What is the units digit of 157001?
1
What is the units digit of 484714?
4
What is the hundred thousands digit of 170611?
1
What is the thousan